{"id":73,"date":"2025-12-26T21:42:13","date_gmt":"2025-12-26T21:42:13","guid":{"rendered":"https:\/\/ofertanoastra.ro\/LuisMarLabs\/services\/"},"modified":"2025-12-27T15:29:10","modified_gmt":"2025-12-27T15:29:10","slug":"services","status":"publish","type":"page","link":"https:\/\/ofertanoastra.ro\/LuisMarLabs\/services\/","title":{"rendered":"Services"},"content":{"rendered":"\n\n\n<h6>La Luis MAR Labs, oferim o gam\u0103 variat\u0103 de servicii de dezvoltare software, adaptate nevoilor specifice ale clien\u021bilor no\u0219tri.<\/h6>\n\n<h2>Serviciile Noastre<\/h2>\n\n\n<p>Oferim servicii de dezvoltare software personalizate pentru aplica\u021bii mobile \u0219i desktop, construind solu\u021bii adaptate cerin\u021belor tale.<\/p>\n\n\n<p>Cre\u0103m aplica\u021bii multilingve care \u00eembun\u0103t\u0103\u021besc accesibilitatea \u0219i utilizarea pentru clien\u021bi din diferite regiuni.<\/p>\n\n\n<p>Furniz\u0103m consultan\u021b\u0103 de specialitate pentru a ajuta clien\u021bii s\u0103-\u0219i optimizeze solu\u021biile software existente \u0219i s\u0103-\u0219i planifice proiectele viitoare.<\/p>\n\n\n\n\n<p>Oferim servicii de suport \u0219i mentenan\u021b\u0103 pentru a te asigura c\u0103 aplica\u021biile tale sunt mereu func\u021bionale \u0219i actualizate.<\/p>\n\n\n\n\n<p>Evalu\u0103m \u0219i test\u0103m aplica\u021biile pentru a ne asigura c\u0103 sunt de cea mai bun\u0103 calitate \u00eenainte de lansare.<\/p>\n\n\n\n\n\n\n<h6>Descoper\u0103 cum am adus la via\u021b\u0103 cele mai importante proiecte pentru clien\u021bii no\u0219tri.<\/h6>\n\n<h2>Portofoliul Nostru<\/h2>\n\n\n<p>Aplica\u021bie pentru gestionarea fi\u0219ierelor pe dispozitivele Android \u0219i Windows, inclusiv transfer de date.<\/p>\n<p>Un seif digital pentru toate documentele tale importante, cu op\u021biuni de criptare avansat\u0103.<\/p>\n\n\n<p>O aplica\u021bie intuitiv\u0103 pentru editarea video, ce suport\u0103 formate multiple \u0219i are func\u021bionalit\u0103\u021bi de proiec\u021bie HD.<\/p>\n<p>Aplica\u021bie interactiv\u0103 pentru \u00eenv\u0103\u021barea \u0219i jucarea \u0219ahului, ideal\u0103 pentru to\u021bi pasiona\u021bii!<\/p>\n\n\n<p>Un player multimedia robust ce suport\u0103 o gam\u0103 larg\u0103 de formate, oferind o experien\u021b\u0103 audio de calitate superioar\u0103.<\/p>\n<p>\u00cencercativ\u0103 a unui modul call to action pentru a \u00eencuraja utilizatorii s\u0103 descopere aplica\u021biile noastre.<\/p>\n\n\n\n\n","protected":false},"excerpt":{"rendered":"","protected":false},"author":1,"featured_media":0,"parent":0,"menu_order":0,"comment_status":"closed","ping_status":"closed","template":"","meta":{"pagelayer_contact_templates":[],"_pagelayer_content":"","site-sidebar-layout":"default","site-content-layout":"","ast-site-content-layout":"default","site-content-style":"default","site-sidebar-style":"default","ast-global-header-display":"","ast-banner-title-visibility":"","ast-main-header-display":"","ast-hfb-above-header-display":"","ast-hfb-below-header-display":"","ast-hfb-mobile-header-display":"","site-post-title":"","ast-breadcrumbs-content":"","ast-featured-img":"","footer-sml-layout":"","ast-disable-related-posts":"","theme-transparent-header-meta":"","adv-header-id-meta":"","stick-header-meta":"","header-above-stick-meta":"","header-main-stick-meta":"","header-below-stick-meta":"","astra-migrate-meta-layouts":"default","ast-page-background-enabled":"default","ast-page-background-meta":{"desktop":{"background-color":"var(--ast-global-color-4)","background-image":"","background-repeat":"repeat","background-position":"center center","background-size":"auto","background-attachment":"scroll","background-type":"","background-media":"","overlay-type":"","overlay-color":"","overlay-opacity":"","overlay-gradient":""},"tablet":{"background-color":"","background-image":"","background-repeat":"repeat","background-position":"center center","background-size":"auto","background-attachment":"scroll","background-type":"","background-media":"","overlay-type":"","overlay-color":"","overlay-opacity":"","overlay-gradient":""},"mobile":{"background-color":"","background-image":"","background-repeat":"repeat","background-position":"center center","background-size":"auto","background-attachment":"scroll","background-type":"","background-media":"","overlay-type":"","overlay-color":"","overlay-opacity":"","overlay-gradient":""}},"ast-content-background-meta":{"desktop":{"background-color":"var(--ast-global-color-5)","background-image":"","background-repeat":"repeat","background-position":"center center","background-size":"auto","background-attachment":"scroll","background-type":"","background-media":"","overlay-type":"","overlay-color":"","overlay-opacity":"","overlay-gradient":""},"tablet":{"background-color":"var(--ast-global-color-5)","background-image":"","background-repeat":"repeat","background-position":"center center","background-size":"auto","background-attachment":"scroll","background-type":"","background-media":"","overlay-type":"","overlay-color":"","overlay-opacity":"","overlay-gradient":""},"mobile":{"background-color":"var(--ast-global-color-5)","background-image":"","background-repeat":"repeat","background-position":"center center","background-size":"auto","background-attachment":"scroll","background-type":"","background-media":"","overlay-type":"","overlay-color":"","overlay-opacity":"","overlay-gradient":""}},"footnotes":""},"class_list":["post-73","page","type-page","status-publish","hentry"],"_links":{"self":[{"href":"https:\/\/ofertanoastra.ro\/LuisMarLabs\/wp-json\/wp\/v2\/pages\/73","targetHints":{"allow":["GET"]}}],"collection":[{"href":"https:\/\/ofertanoastra.ro\/LuisMarLabs\/wp-json\/wp\/v2\/pages"}],"about":[{"href":"https:\/\/ofertanoastra.ro\/LuisMarLabs\/wp-json\/wp\/v2\/types\/page"}],"author":[{"embeddable":true,"href":"https:\/\/ofertanoastra.ro\/LuisMarLabs\/wp-json\/wp\/v2\/users\/1"}],"replies":[{"embeddable":true,"href":"https:\/\/ofertanoastra.ro\/LuisMarLabs\/wp-json\/wp\/v2\/comments?post=73"}],"version-history":[{"count":1,"href":"https:\/\/ofertanoastra.ro\/LuisMarLabs\/wp-json\/wp\/v2\/pages\/73\/revisions"}],"predecessor-version":[{"id":171,"href":"https:\/\/ofertanoastra.ro\/LuisMarLabs\/wp-json\/wp\/v2\/pages\/73\/revisions\/171"}],"wp:attachment":[{"href":"https:\/\/ofertanoastra.ro\/LuisMarLabs\/wp-json\/wp\/v2\/media?parent=73"}],"curies":[{"name":"wp","href":"https:\/\/api.w.org\/{rel}","templated":true}]}}